{"id":18365,"date":"2024-03-26T17:14:34","date_gmt":"2024-03-26T16:14:34","guid":{"rendered":"https:\/\/www.capacityzurich.ch\/?page_id=18365"},"modified":"2025-01-09T12:19:30","modified_gmt":"2025-01-09T11:19:30","slug":"impressum","status":"publish","type":"page","link":"https:\/\/www.capacity.swiss\/de\/impressum\/","title":{"rendered":"Impressum"},"content":{"rendered":"\t\t<div data-elementor-type=\"wp-page\" data-elementor-id=\"18365\" class=\"elementor elementor-18365 elementor-18364\" data-elementor-post-type=\"page\">\n\t\t\t\t<div class=\"elementor-element elementor-element-f4480d6 e-flex e-con-boxed e-con e-parent\" data-id=\"f4480d6\" data-element_type=\"container\" data-e-type=\"container\">\n\t\t\t\t\t<div class=\"e-con-inner\">\n\t\t\t\t<div class=\"elementor-element elementor-element-aaf6180 elementor-widget elementor-widget-spacer\" data-id=\"aaf6180\" data-element_type=\"widget\" data-e-type=\"widget\" data-widget_type=\"spacer.default\">\n\t\t\t\t<div class=\"elementor-widget-container\">\n\t\t\t\t\t\t\t<div class=\"elementor-spacer\">\n\t\t\t<div class=\"elementor-spacer-inner\"><\/div>\n\t\t<\/div>\n\t\t\t\t\t\t<\/div>\n\t\t\t\t<\/div>\n\t\t\t\t\t<\/div>\n\t\t\t\t<\/div>\n\t\t<div class=\"elementor-element elementor-element-fb31be7 e-flex e-con-boxed e-con e-parent\" data-id=\"fb31be7\" data-element_type=\"container\" data-e-type=\"container\">\n\t\t\t\t\t<div class=\"e-con-inner\">\n\t\t\t\t<div class=\"elementor-element elementor-element-6c7d782 elementor-widget elementor-widget-text-editor\" data-id=\"6c7d782\" data-element_type=\"widget\" data-e-type=\"widget\" data-widget_type=\"text-editor.default\">\n\t\t\t\t<div class=\"elementor-widget-container\">\n\t\t\t\t\t\t\t\t\t<h4><span style=\"color: #5d5d5d;\"><b>Herausgeber<\/b><\/span><\/h4><p><b><span style=\"color: #5d5d5d;\">Capacity<\/span><br \/><\/b><span style=\"font-weight: 400;\">c\/o The Impact Hub Z\u00fcrich<\/span><span style=\"font-weight: 400;\"><br \/><\/span><span style=\"font-weight: 400;\">Sihlquai 131, 8005 Z\u00fcrich<\/span><span style=\"font-weight: 400;\"><br \/><\/span><span style=\"font-weight: 400;\">E-Mail: <\/span><a href=\"mailto:info@capacity.swiss\" target=\"_blank\" rel=\"noopener\"><span style=\"font-weight: 400;\">info@capacity.swiss<\/span><\/a><\/p><p><b><span style=\"color: #5d5d5d;\">Redaktion<\/span><br \/><\/b><span style=\"font-weight: 400;\">Blenda Schmutz-Altamirano<br \/><\/span><span style=\"font-weight: 400;\">Carolin W\u00fcrthner Handschin<br \/><\/span><span style=\"font-weight: 400;\">Caterina Meier-Pfister<br \/><\/span><span style=\"font-weight: 400;\">Isabel Br\u00fccher<\/span><\/p><h4><span style=\"color: #5d5d5d;\"><b>Haftungshinweis<\/b><\/span><\/h4><p><span style=\"font-weight: 400;\">Trotz sorgf\u00e4ltiger Kontrolle \u00fcbernehmen wir keine Haftung f\u00fcr die Inhalte externer Links. F\u00fcr den Inhalt der verlinkten Seiten sind ausschliesslich deren Betreiber verantwortlich.<\/span><\/p><h4><span style=\"color: #5d5d5d;\"><b>Copyright Bild &amp; Text<\/b><\/span><\/h4><p><b><\/b><span style=\"font-weight: 400;\"><span style=\"color: #5d5d5d;\"><strong>\u00a9Capacity<\/strong><\/span><br \/>Bitte keine Texte, Fotos, Logos oder andere Inhalte unserer Website nutzen ohne Absprache mit uns.<br \/><\/span><span style=\"font-weight: 400;\">Das Copyright aller Bilder liegt bei \u00a9Capacity.<br \/><\/span><span style=\"font-weight: 400;\">Vielen Dank.<\/span><\/p>\t\t\t\t\t\t\t\t<\/div>\n\t\t\t\t<\/div>\n\t\t\t\t<div class=\"elementor-element elementor-element-b633cf0 elementor-widget elementor-widget-spacer\" data-id=\"b633cf0\" data-element_type=\"widget\" data-e-type=\"widget\" data-widget_type=\"spacer.default\">\n\t\t\t\t<div class=\"elementor-widget-container\">\n\t\t\t\t\t\t\t<div class=\"elementor-spacer\">\n\t\t\t<div class=\"elementor-spacer-inner\"><\/div>\n\t\t<\/div>\n\t\t\t\t\t\t<\/div>\n\t\t\t\t<\/div>\n\t\t\t\t\t<\/div>\n\t\t\t\t<\/div>\n\t\t\t\t<\/div>\n\t\t","protected":false},"excerpt":{"rendered":"<p>Herausgeber Capacityc\/o The Impact Hub Z\u00fcrichSihlquai 131, 8005 Z\u00fcrichE-Mail: info@capacity.swiss RedaktionBlenda Schmutz-AltamiranoCarolin W\u00fcrthner HandschinCaterina Meier-PfisterIsabel Br\u00fccher Haftungshinweis Trotz sorgf\u00e4ltiger Kontrolle \u00fcbernehmen wir keine Haftung f\u00fcr die Inhalte externer Links. F\u00fcr&#8230;<\/p>\n","protected":false},"author":8,"featured_media":0,"parent":0,"menu_order":5,"comment_status":"closed","ping_status":"closed","template":"elementor_header_footer","meta":{"inline_featured_image":false,"footnotes":""},"class_list":["post-18365","page","type-page","status-publish"],"yoast_head":"<!-- This site is optimized with the Yoast SEO plugin v27.4 - https:\/\/yoast.com\/product\/yoast-seo-wordpress\/ -->\n<title>Impressum - Capacity<\/title>\n<meta name=\"robots\" content=\"index, follow, max-snippet:-1, max-image-preview:large, max-video-preview:-1\" \/>\n<link rel=\"canonical\" href=\"https:\/\/www.capacity.swiss\/de\/impressum\/\" \/>\n<meta property=\"og:locale\" content=\"de_DE\" \/>\n<meta property=\"og:type\" content=\"article\" \/>\n<meta property=\"og:title\" content=\"Impressum - Capacity\" \/>\n<meta property=\"og:description\" content=\"Herausgeber Capacityc\/o The Impact Hub Z\u00fcrichSihlquai 131, 8005 Z\u00fcrichE-Mail: info@capacity.swiss RedaktionBlenda Schmutz-AltamiranoCarolin W\u00fcrthner HandschinCaterina Meier-PfisterIsabel Br\u00fccher Haftungshinweis Trotz sorgf\u00e4ltiger Kontrolle \u00fcbernehmen wir keine Haftung f\u00fcr die Inhalte externer Links. F\u00fcr...\" \/>\n<meta property=\"og:url\" content=\"https:\/\/www.capacity.swiss\/de\/impressum\/\" \/>\n<meta property=\"og:site_name\" content=\"Capacity\" \/>\n<meta property=\"article:modified_time\" content=\"2025-01-09T11:19:30+00:00\" \/>\n<meta name=\"twitter:card\" content=\"summary_large_image\" \/>\n<meta name=\"twitter:label1\" content=\"Gesch\u00e4tzte Lesezeit\" \/>\n\t<meta name=\"twitter:data1\" content=\"1\u00a0Minute\" \/>\n<script type=\"application\/ld+json\" class=\"yoast-schema-graph\">{\"@context\":\"https:\\\/\\\/schema.org\",\"@graph\":[{\"@type\":\"WebPage\",\"@id\":\"https:\\\/\\\/www.capacity.swiss\\\/de\\\/impressum\\\/\",\"url\":\"https:\\\/\\\/www.capacity.swiss\\\/de\\\/impressum\\\/\",\"name\":\"Impressum - Capacity\",\"isPartOf\":{\"@id\":\"https:\\\/\\\/www.capacity.swiss\\\/de\\\/#website\"},\"datePublished\":\"2024-03-26T16:14:34+00:00\",\"dateModified\":\"2025-01-09T11:19:30+00:00\",\"breadcrumb\":{\"@id\":\"https:\\\/\\\/www.capacity.swiss\\\/de\\\/impressum\\\/#breadcrumb\"},\"inLanguage\":\"de-CH\",\"potentialAction\":[{\"@type\":\"ReadAction\",\"target\":[\"https:\\\/\\\/www.capacity.swiss\\\/de\\\/impressum\\\/\"]}]},{\"@type\":\"BreadcrumbList\",\"@id\":\"https:\\\/\\\/www.capacity.swiss\\\/de\\\/impressum\\\/#breadcrumb\",\"itemListElement\":[{\"@type\":\"ListItem\",\"position\":1,\"name\":\"Home\",\"item\":\"https:\\\/\\\/www.capacity.swiss\\\/de\\\/\"},{\"@type\":\"ListItem\",\"position\":2,\"name\":\"Impressum\"}]},{\"@type\":\"WebSite\",\"@id\":\"https:\\\/\\\/www.capacity.swiss\\\/de\\\/#website\",\"url\":\"https:\\\/\\\/www.capacity.swiss\\\/de\\\/\",\"name\":\"Capacity\",\"description\":\"Fostering Refugee &amp; Migrant Talent\",\"publisher\":{\"@id\":\"https:\\\/\\\/www.capacity.swiss\\\/de\\\/#organization\"},\"potentialAction\":[{\"@type\":\"SearchAction\",\"target\":{\"@type\":\"EntryPoint\",\"urlTemplate\":\"https:\\\/\\\/www.capacity.swiss\\\/de\\\/?s={search_term_string}\"},\"query-input\":{\"@type\":\"PropertyValueSpecification\",\"valueRequired\":true,\"valueName\":\"search_term_string\"}}],\"inLanguage\":\"de-CH\"},{\"@type\":\"Organization\",\"@id\":\"https:\\\/\\\/www.capacity.swiss\\\/de\\\/#organization\",\"name\":\"Capacity\",\"url\":\"https:\\\/\\\/www.capacity.swiss\\\/de\\\/\",\"logo\":{\"@type\":\"ImageObject\",\"inLanguage\":\"de-CH\",\"@id\":\"https:\\\/\\\/www.capacity.swiss\\\/de\\\/#\\\/schema\\\/logo\\\/image\\\/\",\"url\":\"https:\\\/\\\/capacity.swiss\\\/wp-content\\\/uploads\\\/2023\\\/12\\\/2023-capacity-logo-long-new-Transparent-320-\u00d7-132-px.png\",\"contentUrl\":\"https:\\\/\\\/capacity.swiss\\\/wp-content\\\/uploads\\\/2023\\\/12\\\/2023-capacity-logo-long-new-Transparent-320-\u00d7-132-px.png\",\"width\":560,\"height\":231,\"caption\":\"Capacity\"},\"image\":{\"@id\":\"https:\\\/\\\/www.capacity.swiss\\\/de\\\/#\\\/schema\\\/logo\\\/image\\\/\"}}]}<\/script>\n<!-- \/ Yoast SEO plugin. -->","yoast_head_json":{"title":"Impressum - Capacity","robots":{"index":"index","follow":"follow","max-snippet":"max-snippet:-1","max-image-preview":"max-image-preview:large","max-video-preview":"max-video-preview:-1"},"canonical":"https:\/\/www.capacity.swiss\/de\/impressum\/","og_locale":"de_DE","og_type":"article","og_title":"Impressum - Capacity","og_description":"Herausgeber Capacityc\/o The Impact Hub Z\u00fcrichSihlquai 131, 8005 Z\u00fcrichE-Mail: info@capacity.swiss RedaktionBlenda Schmutz-AltamiranoCarolin W\u00fcrthner HandschinCaterina Meier-PfisterIsabel Br\u00fccher Haftungshinweis Trotz sorgf\u00e4ltiger Kontrolle \u00fcbernehmen wir keine Haftung f\u00fcr die Inhalte externer Links. F\u00fcr...","og_url":"https:\/\/www.capacity.swiss\/de\/impressum\/","og_site_name":"Capacity","article_modified_time":"2025-01-09T11:19:30+00:00","twitter_card":"summary_large_image","twitter_misc":{"Gesch\u00e4tzte Lesezeit":"1\u00a0Minute"},"schema":{"@context":"https:\/\/schema.org","@graph":[{"@type":"WebPage","@id":"https:\/\/www.capacity.swiss\/de\/impressum\/","url":"https:\/\/www.capacity.swiss\/de\/impressum\/","name":"Impressum - Capacity","isPartOf":{"@id":"https:\/\/www.capacity.swiss\/de\/#website"},"datePublished":"2024-03-26T16:14:34+00:00","dateModified":"2025-01-09T11:19:30+00:00","breadcrumb":{"@id":"https:\/\/www.capacity.swiss\/de\/impressum\/#breadcrumb"},"inLanguage":"de-CH","potentialAction":[{"@type":"ReadAction","target":["https:\/\/www.capacity.swiss\/de\/impressum\/"]}]},{"@type":"BreadcrumbList","@id":"https:\/\/www.capacity.swiss\/de\/impressum\/#breadcrumb","itemListElement":[{"@type":"ListItem","position":1,"name":"Home","item":"https:\/\/www.capacity.swiss\/de\/"},{"@type":"ListItem","position":2,"name":"Impressum"}]},{"@type":"WebSite","@id":"https:\/\/www.capacity.swiss\/de\/#website","url":"https:\/\/www.capacity.swiss\/de\/","name":"Capacity","description":"Fostering Refugee &amp; Migrant Talent","publisher":{"@id":"https:\/\/www.capacity.swiss\/de\/#organization"},"potentialAction":[{"@type":"SearchAction","target":{"@type":"EntryPoint","urlTemplate":"https:\/\/www.capacity.swiss\/de\/?s={search_term_string}"},"query-input":{"@type":"PropertyValueSpecification","valueRequired":true,"valueName":"search_term_string"}}],"inLanguage":"de-CH"},{"@type":"Organization","@id":"https:\/\/www.capacity.swiss\/de\/#organization","name":"Capacity","url":"https:\/\/www.capacity.swiss\/de\/","logo":{"@type":"ImageObject","inLanguage":"de-CH","@id":"https:\/\/www.capacity.swiss\/de\/#\/schema\/logo\/image\/","url":"https:\/\/capacity.swiss\/wp-content\/uploads\/2023\/12\/2023-capacity-logo-long-new-Transparent-320-\u00d7-132-px.png","contentUrl":"https:\/\/capacity.swiss\/wp-content\/uploads\/2023\/12\/2023-capacity-logo-long-new-Transparent-320-\u00d7-132-px.png","width":560,"height":231,"caption":"Capacity"},"image":{"@id":"https:\/\/www.capacity.swiss\/de\/#\/schema\/logo\/image\/"}}]}},"_links":{"self":[{"href":"https:\/\/www.capacity.swiss\/de\/wp-json\/wp\/v2\/pages\/18365","targetHints":{"allow":["GET"]}}],"collection":[{"href":"https:\/\/www.capacity.swiss\/de\/wp-json\/wp\/v2\/pages"}],"about":[{"href":"https:\/\/www.capacity.swiss\/de\/wp-json\/wp\/v2\/types\/page"}],"author":[{"embeddable":true,"href":"https:\/\/www.capacity.swiss\/de\/wp-json\/wp\/v2\/users\/8"}],"replies":[{"embeddable":true,"href":"https:\/\/www.capacity.swiss\/de\/wp-json\/wp\/v2\/comments?post=18365"}],"version-history":[{"count":5,"href":"https:\/\/www.capacity.swiss\/de\/wp-json\/wp\/v2\/pages\/18365\/revisions"}],"predecessor-version":[{"id":23633,"href":"https:\/\/www.capacity.swiss\/de\/wp-json\/wp\/v2\/pages\/18365\/revisions\/23633"}],"wp:attachment":[{"href":"https:\/\/www.capacity.swiss\/de\/wp-json\/wp\/v2\/media?parent=18365"}],"curies":[{"name":"wp","href":"https:\/\/api.w.org\/{rel}","templated":true}]}}

<div data-elementor-type="wp-page" data-elementor-id="18365" class="elementor elementor-18365 elementor-18364" data-elementor-post-type="page">
				<div class="elementor-element elementor-element-f4480d6 e-flex e-con-boxed e-con e-parent" data-id="f4480d6" data-element_type="container" data-e-type="container">
					<div class="e-con-inner">
				<div class="elementor-element elementor-element-aaf6180 elementor-widget elementor-widget-spacer" data-id="aaf6180" data-element_type="widget" data-e-type="widget" data-widget_type="spacer.default">
				<div class="elementor-widget-container">
							<div class="elementor-spacer">
			<div class="elementor-spacer-inner"></div>
		</div>
						</div>
				</div>
					</div>
				</div>
		<div class="elementor-element elementor-element-fb31be7 e-flex e-con-boxed e-con e-parent" data-id="fb31be7" data-element_type="container" data-e-type="container">
					<div class="e-con-inner">
				<div class="elementor-element elementor-element-6c7d782 elementor-widget elementor-widget-text-editor" data-id="6c7d782" data-element_type="widget" data-e-type="widget" data-widget_type="text-editor.default">
				<div class="elementor-widget-container">
									<h4><span style="color: #5d5d5d;"><b>Herausgeber</b></span></h4><p><b><span style="color: #5d5d5d;">Capacity</span><br /></b><span style="font-weight: 400;">c/o The Impact Hub Zürich</span><span style="font-weight: 400;"><br /></span><span style="font-weight: 400;">Sihlquai 131, 8005 Zürich</span><span style="font-weight: 400;"><br /></span><span style="font-weight: 400;">E-Mail: </span><a href="mailto:info@capacity.swiss" target="_blank" rel="noopener"><span style="font-weight: 400;">info@capacity.swiss</span></a></p><p><b><span style="color: #5d5d5d;">Redaktion</span><br /></b><span style="font-weight: 400;">Blenda Schmutz-Altamirano<br /></span><span style="font-weight: 400;">Carolin Würthner Handschin<br /></span><span style="font-weight: 400;">Caterina Meier-Pfister<br /></span><span style="font-weight: 400;">Isabel Brücher</span></p><h4><span style="color: #5d5d5d;"><b>Haftungshinweis</b></span></h4><p><span style="font-weight: 400;">Trotz sorgfältiger Kontrolle übernehmen wir keine Haftung für die Inhalte externer Links. Für den Inhalt der verlinkten Seiten sind ausschliesslich deren Betreiber verantwortlich.</span></p><h4><span style="color: #5d5d5d;"><b>Copyright Bild &amp; Text</b></span></h4><p><b></b><span style="font-weight: 400;"><span style="color: #5d5d5d;"><strong>©Capacity</strong></span><br />Bitte keine Texte, Fotos, Logos oder andere Inhalte unserer Website nutzen ohne Absprache mit uns.<br /></span><span style="font-weight: 400;">Das Copyright aller Bilder liegt bei ©Capacity.<br /></span><span style="font-weight: 400;">Vielen Dank.</span></p>								</div>
				</div>
				<div class="elementor-element elementor-element-b633cf0 elementor-widget elementor-widget-spacer" data-id="b633cf0" data-element_type="widget" data-e-type="widget" data-widget_type="spacer.default">
				<div class="elementor-widget-container">
							<div class="elementor-spacer">
			<div class="elementor-spacer-inner"></div>
		</div>
						</div>
				</div>
					</div>
				</div>
				</div>

<p>Herausgeber Capacityc/o The Impact Hub ZürichSihlquai 131, 8005 ZürichE-Mail: info@capacity.swiss RedaktionBlenda Schmutz-AltamiranoCarolin Würthner HandschinCaterina Meier-PfisterIsabel Brücher Haftungshinweis Trotz sorgfältiger Kontrolle übernehmen wir keine Haftung für die Inhalte externer Links. Für&#8230;</p>

<!-- This site is optimized with the Yoast SEO plugin v27.4 - https://yoast.com/product/yoast-seo-wordpress/ -->
<title>Impressum - Capacity</title>
<meta name="robots" content="index, follow, max-snippet:-1, max-image-preview:large, max-video-preview:-1" />
<link rel="canonical" href="https://www.capacity.swiss/de/impressum/" />
<meta property="og:locale" content="de_DE" />
<meta property="og:type" content="article" />
<meta property="og:title" content="Impressum - Capacity" />
<meta property="og:description" content="Herausgeber Capacityc/o The Impact Hub ZürichSihlquai 131, 8005 ZürichE-Mail: info@capacity.swiss RedaktionBlenda Schmutz-AltamiranoCarolin Würthner HandschinCaterina Meier-PfisterIsabel Brücher Haftungshinweis Trotz sorgfältiger Kontrolle übernehmen wir keine Haftung für die Inhalte externer Links. Für..." />
<meta property="og:url" content="https://www.capacity.swiss/de/impressum/" />
<meta property="og:site_name" content="Capacity" />
<meta property="article:modified_time" content="2025-01-09T11:19:30+00:00" />
<meta name="twitter:card" content="summary_large_image" />
<meta name="twitter:label1" content="Geschätzte Lesezeit" />
	<meta name="twitter:data1" content="1 Minute" />
<script type="application/ld+json" class="yoast-schema-graph">{"@context":"https:\/\/schema.org","@graph":[{"@type":"WebPage","@id":"https:\/\/www.capacity.swiss\/de\/impressum\/","url":"https:\/\/www.capacity.swiss\/de\/impressum\/","name":"Impressum - Capacity","isPartOf":{"@id":"https:\/\/www.capacity.swiss\/de\/#website"},"datePublished":"2024-03-26T16:14:34+00:00","dateModified":"2025-01-09T11:19:30+00:00","breadcrumb":{"@id":"https:\/\/www.capacity.swiss\/de\/impressum\/#breadcrumb"},"inLanguage":"de-CH","potentialAction":[{"@type":"ReadAction","target":["https:\/\/www.capacity.swiss\/de\/impressum\/"]}]},{"@type":"BreadcrumbList","@id":"https:\/\/www.capacity.swiss\/de\/impressum\/#breadcrumb","itemListElement":[{"@type":"ListItem","position":1,"name":"Home","item":"https:\/\/www.capacity.swiss\/de\/"},{"@type":"ListItem","position":2,"name":"Impressum"}]},{"@type":"WebSite","@id":"https:\/\/www.capacity.swiss\/de\/#website","url":"https:\/\/www.capacity.swiss\/de\/","name":"Capacity","description":"Fostering Refugee &amp; Migrant Talent","publisher":{"@id":"https:\/\/www.capacity.swiss\/de\/#organization"},"potentialAction":[{"@type":"SearchAction","target":{"@type":"EntryPoint","urlTemplate":"https:\/\/www.capacity.swiss\/de\/?s={search_term_string}"},"query-input":{"@type":"PropertyValueSpecification","valueRequired":true,"valueName":"search_term_string"}}],"inLanguage":"de-CH"},{"@type":"Organization","@id":"https:\/\/www.capacity.swiss\/de\/#organization","name":"Capacity","url":"https:\/\/www.capacity.swiss\/de\/","logo":{"@type":"ImageObject","inLanguage":"de-CH","@id":"https:\/\/www.capacity.swiss\/de\/#\/schema\/logo\/image\/","url":"https:\/\/capacity.swiss\/wp-content\/uploads\/2023\/12\/2023-capacity-logo-long-new-Transparent-320-×-132-px.png","contentUrl":"https:\/\/capacity.swiss\/wp-content\/uploads\/2023\/12\/2023-capacity-logo-long-new-Transparent-320-×-132-px.png","width":560,"height":231,"caption":"Capacity"},"image":{"@id":"https:\/\/www.capacity.swiss\/de\/#\/schema\/logo\/image\/"}}]}</script>
<!-- / Yoast SEO plugin. -->

Herausgeber Capacityc/o The Impact Hub ZürichSihlquai 131, 8005 ZürichE-Mail: info@capacity.swiss RedaktionBlenda Schmutz-AltamiranoCarolin Würthner HandschinCaterina Meier-PfisterIsabel Brücher Haftungshinweis Trotz sorgfältiger Kontrolle übernehmen wir keine Haftung für die Inhalte externer Links. Für...
