{"id":21228,"date":"2024-07-02T17:58:00","date_gmt":"2024-07-02T15:58:00","guid":{"rendered":"https:\/\/www.capacityzurich.ch\/?page_id=21228"},"modified":"2025-05-09T08:56:40","modified_gmt":"2025-05-09T06:56:40","slug":"einfuhrung-session-aft","status":"publish","type":"page","link":"https:\/\/www.capacity.swiss\/de\/einfuhrung-session-aft\/","title":{"rendered":"Einf\u00fchrung Session AFT"},"content":{"rendered":"\t\t<div data-elementor-type=\"wp-page\" data-elementor-id=\"21228\" class=\"elementor elementor-21228 elementor-21227\" data-elementor-post-type=\"page\">\n\t\t\t\t<div class=\"elementor-element elementor-element-18eb332 e-flex e-con-boxed e-con e-parent\" data-id=\"18eb332\" data-element_type=\"container\" data-e-type=\"container\">\n\t\t\t\t\t<div class=\"e-con-inner\">\n\t\t\t\t<div class=\"elementor-element elementor-element-66aa036 elementor-widget-divider--view-line elementor-widget elementor-widget-divider\" data-id=\"66aa036\" data-element_type=\"widget\" data-e-type=\"widget\" data-widget_type=\"divider.default\">\n\t\t\t\t<div class=\"elementor-widget-container\">\n\t\t\t\t\t\t\t<div class=\"elementor-divider\">\n\t\t\t<span class=\"elementor-divider-separator\">\n\t\t\t\t\t\t<\/span>\n\t\t<\/div>\n\t\t\t\t\t\t<\/div>\n\t\t\t\t<\/div>\n\t\t\t\t<div class=\"elementor-element elementor-element-e597f7a elementor-widget elementor-widget-html\" data-id=\"e597f7a\" data-element_type=\"widget\" data-e-type=\"widget\" data-widget_type=\"html.default\">\n\t\t\t\t<div class=\"elementor-widget-container\">\n\t\t\t\t\t<div id=\"eventbrite-widget-container-1353579826699\"><\/div>\n\n<script src=\"https:\/\/www.eventbrite.com\/static\/widgets\/eb_widgets.js\"><\/script>\n\n<script type=\"text\/javascript\">\n    var exampleCallback = function() {\n        console.log('Order complete!');\n    };\n\n    window.EBWidgets.createWidget({\n        \/\/ Required\n        widgetType: 'checkout',\n        eventId: '1353579826699',\n        iframeContainerId: 'eventbrite-widget-container-1353579826699',\n\n        \/\/ Optional\n        iframeContainerHeight: 425,  \/\/ Widget height in pixels. Defaults to a minimum of 425px if not provided\n        onOrderComplete: exampleCallback  \/\/ Method called when an order has successfully completed\n    });\n<\/script>\n\t\t\t\t<\/div>\n\t\t\t\t<\/div>\n\t\t\t\t\t<\/div>\n\t\t\t\t<\/div>\n\t\t<div class=\"elementor-element elementor-element-a6315e5 e-flex e-con-boxed e-con e-parent\" data-id=\"a6315e5\" data-element_type=\"container\" data-e-type=\"container\">\n\t\t\t\t\t<div class=\"e-con-inner\">\n\t\t\t\t<div class=\"elementor-element elementor-element-6560505 elementor-widget-divider--view-line elementor-widget elementor-widget-divider\" data-id=\"6560505\" data-element_type=\"widget\" data-e-type=\"widget\" data-widget_type=\"divider.default\">\n\t\t\t\t<div class=\"elementor-widget-container\">\n\t\t\t\t\t\t\t<div class=\"elementor-divider\">\n\t\t\t<span class=\"elementor-divider-separator\">\n\t\t\t\t\t\t<\/span>\n\t\t<\/div>\n\t\t\t\t\t\t<\/div>\n\t\t\t\t<\/div>\n\t\t\t\t\t<\/div>\n\t\t\t\t<\/div>\n\t\t<div class=\"elementor-element elementor-element-3b37e81 e-flex e-con-boxed e-con e-parent\" data-id=\"3b37e81\" data-element_type=\"container\" data-e-type=\"container\">\n\t\t\t\t\t<div class=\"e-con-inner\">\n\t\t\t\t<div class=\"elementor-element elementor-element-6bee3cb elementor-widget elementor-widget-text-editor\" data-id=\"6bee3cb\" data-element_type=\"widget\" data-e-type=\"widget\" data-widget_type=\"text-editor.default\">\n\t\t\t\t<div class=\"elementor-widget-container\">\n\t\t\t\t\t\t\t\t\t<p>Das Capacity<strong>&nbsp;Access Fast Track-Programm zur Orientierung auf dem Schweizer Arbeitsmarkt<\/strong>&nbsp;l\u00e4uft weiter. Nimm an<strong>&nbsp;unserer Online-Einf\u00fchrungsveranstaltung&nbsp;<\/strong>teil und erfahre mehr \u00fcber den bevorstehenden 14. Zyklus.<\/p>\n<p>Access Fast Track ist das Angebot von Capacity f\u00fcr hochqualifizierte Menschen, die bereits mit der Arbeitssuche in der Schweiz begonnen haben.<\/p>\n<p>Das Programm ist auf die Bed\u00fcrfnisse von Stellensuchenden mit Flucht- oder Migrationshintergrund ausgerichtet ist, die ihre&nbsp;<strong>Strategie zur Stellensuche&nbsp;<\/strong>durch gezielte Unterst\u00fctzung und Einblicke in den Schweizer Arbeitsmarkt&nbsp;<strong>optimieren m\u00f6chten<\/strong>.<\/p>\n<p>Nutze deine Chance, beim Access Fast Track-Programm mitzumachen!<\/p>\n<p>Der n\u00e4chste Zyklus startet im&nbsp;<strong>September 2025<\/strong>.<\/p>\t\t\t\t\t\t\t\t<\/div>\n\t\t\t\t<\/div>\n\t\t\t\t\t<\/div>\n\t\t\t\t<\/div>\n\t\t\t\t<\/div>\n\t\t","protected":false},"excerpt":{"rendered":"<p>Das Capacity&nbsp;Access Fast Track-Programm zur Orientierung auf dem Schweizer Arbeitsmarkt&nbsp;l\u00e4uft weiter. Nimm an&nbsp;unserer Online-Einf\u00fchrungsveranstaltung&nbsp;teil und erfahre mehr \u00fcber den bevorstehenden 14. Zyklus. Access Fast Track ist das Angebot von Capacity&#8230;<\/p>\n","protected":false},"author":8,"featured_media":0,"parent":0,"menu_order":53,"comment_status":"closed","ping_status":"closed","template":"elementor_header_footer","meta":{"inline_featured_image":false,"footnotes":""},"class_list":["post-21228","page","type-page","status-publish"],"yoast_head":"<!-- This site is optimized with the Yoast SEO plugin v27.5 - https:\/\/yoast.com\/product\/yoast-seo-wordpress\/ -->\n<title>Einf\u00fchrung Session AFT - Capacity<\/title>\n<meta name=\"description\" content=\"Capacity ist ein gemeinn\u00fctziger Verein, der sich f\u00fcr die berufliche Integration von Menschen mit Flucht-und Migrationshintergrund einsetzt.\" \/>\n<meta name=\"robots\" content=\"index, follow, max-snippet:-1, max-image-preview:large, max-video-preview:-1\" \/>\n<link rel=\"canonical\" href=\"https:\/\/www.capacity.swiss\/de\/einfuhrung-session-aft\/\" \/>\n<meta property=\"og:locale\" content=\"de_DE\" \/>\n<meta property=\"og:type\" content=\"article\" \/>\n<meta property=\"og:title\" content=\"Einf\u00fchrung Session AFT - Capacity\" \/>\n<meta property=\"og:description\" content=\"Capacity ist ein gemeinn\u00fctziger Verein, der sich f\u00fcr die berufliche Integration von Menschen mit Flucht-und Migrationshintergrund einsetzt.\" \/>\n<meta property=\"og:url\" content=\"https:\/\/www.capacity.swiss\/de\/einfuhrung-session-aft\/\" \/>\n<meta property=\"og:site_name\" content=\"Capacity\" \/>\n<meta property=\"article:modified_time\" content=\"2025-05-09T06:56:40+00:00\" \/>\n<meta name=\"twitter:card\" content=\"summary_large_image\" \/>\n<meta name=\"twitter:label1\" content=\"Gesch\u00e4tzte Lesezeit\" \/>\n\t<meta name=\"twitter:data1\" content=\"1\u00a0Minute\" \/>\n<script type=\"application\/ld+json\" class=\"yoast-schema-graph\">{\"@context\":\"https:\\\/\\\/schema.org\",\"@graph\":[{\"@type\":\"WebPage\",\"@id\":\"https:\\\/\\\/www.capacity.swiss\\\/de\\\/einfuhrung-session-aft\\\/\",\"url\":\"https:\\\/\\\/www.capacity.swiss\\\/de\\\/einfuhrung-session-aft\\\/\",\"name\":\"Einf\u00fchrung Session AFT - Capacity\",\"isPartOf\":{\"@id\":\"https:\\\/\\\/www.capacity.swiss\\\/de\\\/#website\"},\"datePublished\":\"2024-07-02T15:58:00+00:00\",\"dateModified\":\"2025-05-09T06:56:40+00:00\",\"description\":\"Capacity ist ein gemeinn\u00fctziger Verein, der sich f\u00fcr die berufliche Integration von Menschen mit Flucht-und Migrationshintergrund einsetzt.\",\"breadcrumb\":{\"@id\":\"https:\\\/\\\/www.capacity.swiss\\\/de\\\/einfuhrung-session-aft\\\/#breadcrumb\"},\"inLanguage\":\"de-CH\",\"potentialAction\":[{\"@type\":\"ReadAction\",\"target\":[\"https:\\\/\\\/www.capacity.swiss\\\/de\\\/einfuhrung-session-aft\\\/\"]}]},{\"@type\":\"BreadcrumbList\",\"@id\":\"https:\\\/\\\/www.capacity.swiss\\\/de\\\/einfuhrung-session-aft\\\/#breadcrumb\",\"itemListElement\":[{\"@type\":\"ListItem\",\"position\":1,\"name\":\"Home\",\"item\":\"https:\\\/\\\/www.capacity.swiss\\\/de\\\/\"},{\"@type\":\"ListItem\",\"position\":2,\"name\":\"Einf\u00fchrung Session AFT\"}]},{\"@type\":\"WebSite\",\"@id\":\"https:\\\/\\\/www.capacity.swiss\\\/de\\\/#website\",\"url\":\"https:\\\/\\\/www.capacity.swiss\\\/de\\\/\",\"name\":\"Capacity\",\"description\":\"Fostering Refugee &amp; Migrant Talent\",\"publisher\":{\"@id\":\"https:\\\/\\\/www.capacity.swiss\\\/de\\\/#organization\"},\"potentialAction\":[{\"@type\":\"SearchAction\",\"target\":{\"@type\":\"EntryPoint\",\"urlTemplate\":\"https:\\\/\\\/www.capacity.swiss\\\/de\\\/?s={search_term_string}\"},\"query-input\":{\"@type\":\"PropertyValueSpecification\",\"valueRequired\":true,\"valueName\":\"search_term_string\"}}],\"inLanguage\":\"de-CH\"},{\"@type\":\"Organization\",\"@id\":\"https:\\\/\\\/www.capacity.swiss\\\/de\\\/#organization\",\"name\":\"Capacity\",\"url\":\"https:\\\/\\\/www.capacity.swiss\\\/de\\\/\",\"logo\":{\"@type\":\"ImageObject\",\"inLanguage\":\"de-CH\",\"@id\":\"https:\\\/\\\/www.capacity.swiss\\\/de\\\/#\\\/schema\\\/logo\\\/image\\\/\",\"url\":\"https:\\\/\\\/capacity.swiss\\\/wp-content\\\/uploads\\\/2023\\\/12\\\/2023-capacity-logo-long-new-Transparent-320-\u00d7-132-px.png\",\"contentUrl\":\"https:\\\/\\\/capacity.swiss\\\/wp-content\\\/uploads\\\/2023\\\/12\\\/2023-capacity-logo-long-new-Transparent-320-\u00d7-132-px.png\",\"width\":560,\"height\":231,\"caption\":\"Capacity\"},\"image\":{\"@id\":\"https:\\\/\\\/www.capacity.swiss\\\/de\\\/#\\\/schema\\\/logo\\\/image\\\/\"}}]}<\/script>\n<!-- \/ Yoast SEO plugin. -->","yoast_head_json":{"title":"Einf\u00fchrung Session AFT - Capacity","description":"Capacity ist ein gemeinn\u00fctziger Verein, der sich f\u00fcr die berufliche Integration von Menschen mit Flucht-und Migrationshintergrund einsetzt.","robots":{"index":"index","follow":"follow","max-snippet":"max-snippet:-1","max-image-preview":"max-image-preview:large","max-video-preview":"max-video-preview:-1"},"canonical":"https:\/\/www.capacity.swiss\/de\/einfuhrung-session-aft\/","og_locale":"de_DE","og_type":"article","og_title":"Einf\u00fchrung Session AFT - Capacity","og_description":"Capacity ist ein gemeinn\u00fctziger Verein, der sich f\u00fcr die berufliche Integration von Menschen mit Flucht-und Migrationshintergrund einsetzt.","og_url":"https:\/\/www.capacity.swiss\/de\/einfuhrung-session-aft\/","og_site_name":"Capacity","article_modified_time":"2025-05-09T06:56:40+00:00","twitter_card":"summary_large_image","twitter_misc":{"Gesch\u00e4tzte Lesezeit":"1\u00a0Minute"},"schema":{"@context":"https:\/\/schema.org","@graph":[{"@type":"WebPage","@id":"https:\/\/www.capacity.swiss\/de\/einfuhrung-session-aft\/","url":"https:\/\/www.capacity.swiss\/de\/einfuhrung-session-aft\/","name":"Einf\u00fchrung Session AFT - Capacity","isPartOf":{"@id":"https:\/\/www.capacity.swiss\/de\/#website"},"datePublished":"2024-07-02T15:58:00+00:00","dateModified":"2025-05-09T06:56:40+00:00","description":"Capacity ist ein gemeinn\u00fctziger Verein, der sich f\u00fcr die berufliche Integration von Menschen mit Flucht-und Migrationshintergrund einsetzt.","breadcrumb":{"@id":"https:\/\/www.capacity.swiss\/de\/einfuhrung-session-aft\/#breadcrumb"},"inLanguage":"de-CH","potentialAction":[{"@type":"ReadAction","target":["https:\/\/www.capacity.swiss\/de\/einfuhrung-session-aft\/"]}]},{"@type":"BreadcrumbList","@id":"https:\/\/www.capacity.swiss\/de\/einfuhrung-session-aft\/#breadcrumb","itemListElement":[{"@type":"ListItem","position":1,"name":"Home","item":"https:\/\/www.capacity.swiss\/de\/"},{"@type":"ListItem","position":2,"name":"Einf\u00fchrung Session AFT"}]},{"@type":"WebSite","@id":"https:\/\/www.capacity.swiss\/de\/#website","url":"https:\/\/www.capacity.swiss\/de\/","name":"Capacity","description":"Fostering Refugee &amp; Migrant Talent","publisher":{"@id":"https:\/\/www.capacity.swiss\/de\/#organization"},"potentialAction":[{"@type":"SearchAction","target":{"@type":"EntryPoint","urlTemplate":"https:\/\/www.capacity.swiss\/de\/?s={search_term_string}"},"query-input":{"@type":"PropertyValueSpecification","valueRequired":true,"valueName":"search_term_string"}}],"inLanguage":"de-CH"},{"@type":"Organization","@id":"https:\/\/www.capacity.swiss\/de\/#organization","name":"Capacity","url":"https:\/\/www.capacity.swiss\/de\/","logo":{"@type":"ImageObject","inLanguage":"de-CH","@id":"https:\/\/www.capacity.swiss\/de\/#\/schema\/logo\/image\/","url":"https:\/\/capacity.swiss\/wp-content\/uploads\/2023\/12\/2023-capacity-logo-long-new-Transparent-320-\u00d7-132-px.png","contentUrl":"https:\/\/capacity.swiss\/wp-content\/uploads\/2023\/12\/2023-capacity-logo-long-new-Transparent-320-\u00d7-132-px.png","width":560,"height":231,"caption":"Capacity"},"image":{"@id":"https:\/\/www.capacity.swiss\/de\/#\/schema\/logo\/image\/"}}]}},"_links":{"self":[{"href":"https:\/\/www.capacity.swiss\/de\/wp-json\/wp\/v2\/pages\/21228","targetHints":{"allow":["GET"]}}],"collection":[{"href":"https:\/\/www.capacity.swiss\/de\/wp-json\/wp\/v2\/pages"}],"about":[{"href":"https:\/\/www.capacity.swiss\/de\/wp-json\/wp\/v2\/types\/page"}],"author":[{"embeddable":true,"href":"https:\/\/www.capacity.swiss\/de\/wp-json\/wp\/v2\/users\/8"}],"replies":[{"embeddable":true,"href":"https:\/\/www.capacity.swiss\/de\/wp-json\/wp\/v2\/comments?post=21228"}],"version-history":[{"count":14,"href":"https:\/\/www.capacity.swiss\/de\/wp-json\/wp\/v2\/pages\/21228\/revisions"}],"predecessor-version":[{"id":24274,"href":"https:\/\/www.capacity.swiss\/de\/wp-json\/wp\/v2\/pages\/21228\/revisions\/24274"}],"wp:attachment":[{"href":"https:\/\/www.capacity.swiss\/de\/wp-json\/wp\/v2\/media?parent=21228"}],"curies":[{"name":"wp","href":"https:\/\/api.w.org\/{rel}","templated":true}]}}

Einführung Session AFT

<div data-elementor-type="wp-page" data-elementor-id="21228" class="elementor elementor-21228 elementor-21227" data-elementor-post-type="page">
				<div class="elementor-element elementor-element-18eb332 e-flex e-con-boxed e-con e-parent" data-id="18eb332" data-element_type="container" data-e-type="container">
					<div class="e-con-inner">
				<div class="elementor-element elementor-element-66aa036 elementor-widget-divider--view-line elementor-widget elementor-widget-divider" data-id="66aa036" data-element_type="widget" data-e-type="widget" data-widget_type="divider.default">
				<div class="elementor-widget-container">
							<div class="elementor-divider">
			<span class="elementor-divider-separator">
						</span>
		</div>
						</div>
				</div>
				<div class="elementor-element elementor-element-e597f7a elementor-widget elementor-widget-html" data-id="e597f7a" data-element_type="widget" data-e-type="widget" data-widget_type="html.default">
				<div class="elementor-widget-container">
					<div id="eventbrite-widget-container-1353579826699"></div>

<script src="https://www.eventbrite.com/static/widgets/eb_widgets.js"></script>

<script type="text/javascript">
    var exampleCallback = function() {
        console.log('Order complete!');
    };

    window.EBWidgets.createWidget({
        // Required
        widgetType: 'checkout',
        eventId: '1353579826699',
        iframeContainerId: 'eventbrite-widget-container-1353579826699',

        // Optional
        iframeContainerHeight: 425,  // Widget height in pixels. Defaults to a minimum of 425px if not provided
        onOrderComplete: exampleCallback  // Method called when an order has successfully completed
    });
</script>
				</div>
				</div>
					</div>
				</div>
		<div class="elementor-element elementor-element-a6315e5 e-flex e-con-boxed e-con e-parent" data-id="a6315e5" data-element_type="container" data-e-type="container">
					<div class="e-con-inner">
				<div class="elementor-element elementor-element-6560505 elementor-widget-divider--view-line elementor-widget elementor-widget-divider" data-id="6560505" data-element_type="widget" data-e-type="widget" data-widget_type="divider.default">
				<div class="elementor-widget-container">
							<div class="elementor-divider">
			<span class="elementor-divider-separator">
						</span>
		</div>
						</div>
				</div>
					</div>
				</div>
		<div class="elementor-element elementor-element-3b37e81 e-flex e-con-boxed e-con e-parent" data-id="3b37e81" data-element_type="container" data-e-type="container">
					<div class="e-con-inner">
				<div class="elementor-element elementor-element-6bee3cb elementor-widget elementor-widget-text-editor" data-id="6bee3cb" data-element_type="widget" data-e-type="widget" data-widget_type="text-editor.default">
				<div class="elementor-widget-container">
									<p>Das Capacity<strong>&nbsp;Access Fast Track-Programm zur Orientierung auf dem Schweizer Arbeitsmarkt</strong>&nbsp;läuft weiter. Nimm an<strong>&nbsp;unserer Online-Einführungsveranstaltung&nbsp;</strong>teil und erfahre mehr über den bevorstehenden 14. Zyklus.</p>
<p>Access Fast Track ist das Angebot von Capacity für hochqualifizierte Menschen, die bereits mit der Arbeitssuche in der Schweiz begonnen haben.</p>
<p>Das Programm ist auf die Bedürfnisse von Stellensuchenden mit Flucht- oder Migrationshintergrund ausgerichtet ist, die ihre&nbsp;<strong>Strategie zur Stellensuche&nbsp;</strong>durch gezielte Unterstützung und Einblicke in den Schweizer Arbeitsmarkt&nbsp;<strong>optimieren möchten</strong>.</p>
<p>Nutze deine Chance, beim Access Fast Track-Programm mitzumachen!</p>
<p>Der nächste Zyklus startet im&nbsp;<strong>September 2025</strong>.</p>								</div>
				</div>
					</div>
				</div>
				</div>

<p>Das Capacity&nbsp;Access Fast Track-Programm zur Orientierung auf dem Schweizer Arbeitsmarkt&nbsp;läuft weiter. Nimm an&nbsp;unserer Online-Einführungsveranstaltung&nbsp;teil und erfahre mehr über den bevorstehenden 14. Zyklus. Access Fast Track ist das Angebot von Capacity&#8230;</p>

<!-- This site is optimized with the Yoast SEO plugin v27.5 - https://yoast.com/product/yoast-seo-wordpress/ -->
<title>Einführung Session AFT - Capacity</title>
<meta name="description" content="Capacity ist ein gemeinnütziger Verein, der sich für die berufliche Integration von Menschen mit Flucht-und Migrationshintergrund einsetzt." />
<meta name="robots" content="index, follow, max-snippet:-1, max-image-preview:large, max-video-preview:-1" />
<link rel="canonical" href="https://www.capacity.swiss/de/einfuhrung-session-aft/" />
<meta property="og:locale" content="de_DE" />
<meta property="og:type" content="article" />
<meta property="og:title" content="Einführung Session AFT - Capacity" />
<meta property="og:description" content="Capacity ist ein gemeinnütziger Verein, der sich für die berufliche Integration von Menschen mit Flucht-und Migrationshintergrund einsetzt." />
<meta property="og:url" content="https://www.capacity.swiss/de/einfuhrung-session-aft/" />
<meta property="og:site_name" content="Capacity" />
<meta property="article:modified_time" content="2025-05-09T06:56:40+00:00" />
<meta name="twitter:card" content="summary_large_image" />
<meta name="twitter:label1" content="Geschätzte Lesezeit" />
	<meta name="twitter:data1" content="1 Minute" />
<script type="application/ld+json" class="yoast-schema-graph">{"@context":"https:\/\/schema.org","@graph":[{"@type":"WebPage","@id":"https:\/\/www.capacity.swiss\/de\/einfuhrung-session-aft\/","url":"https:\/\/www.capacity.swiss\/de\/einfuhrung-session-aft\/","name":"Einführung Session AFT - Capacity","isPartOf":{"@id":"https:\/\/www.capacity.swiss\/de\/#website"},"datePublished":"2024-07-02T15:58:00+00:00","dateModified":"2025-05-09T06:56:40+00:00","description":"Capacity ist ein gemeinnütziger Verein, der sich für die berufliche Integration von Menschen mit Flucht-und Migrationshintergrund einsetzt.","breadcrumb":{"@id":"https:\/\/www.capacity.swiss\/de\/einfuhrung-session-aft\/#breadcrumb"},"inLanguage":"de-CH","potentialAction":[{"@type":"ReadAction","target":["https:\/\/www.capacity.swiss\/de\/einfuhrung-session-aft\/"]}]},{"@type":"BreadcrumbList","@id":"https:\/\/www.capacity.swiss\/de\/einfuhrung-session-aft\/#breadcrumb","itemListElement":[{"@type":"ListItem","position":1,"name":"Home","item":"https:\/\/www.capacity.swiss\/de\/"},{"@type":"ListItem","position":2,"name":"Einführung Session AFT"}]},{"@type":"WebSite","@id":"https:\/\/www.capacity.swiss\/de\/#website","url":"https:\/\/www.capacity.swiss\/de\/","name":"Capacity","description":"Fostering Refugee &amp; Migrant Talent","publisher":{"@id":"https:\/\/www.capacity.swiss\/de\/#organization"},"potentialAction":[{"@type":"SearchAction","target":{"@type":"EntryPoint","urlTemplate":"https:\/\/www.capacity.swiss\/de\/?s={search_term_string}"},"query-input":{"@type":"PropertyValueSpecification","valueRequired":true,"valueName":"search_term_string"}}],"inLanguage":"de-CH"},{"@type":"Organization","@id":"https:\/\/www.capacity.swiss\/de\/#organization","name":"Capacity","url":"https:\/\/www.capacity.swiss\/de\/","logo":{"@type":"ImageObject","inLanguage":"de-CH","@id":"https:\/\/www.capacity.swiss\/de\/#\/schema\/logo\/image\/","url":"https:\/\/capacity.swiss\/wp-content\/uploads\/2023\/12\/2023-capacity-logo-long-new-Transparent-320-×-132-px.png","contentUrl":"https:\/\/capacity.swiss\/wp-content\/uploads\/2023\/12\/2023-capacity-logo-long-new-Transparent-320-×-132-px.png","width":560,"height":231,"caption":"Capacity"},"image":{"@id":"https:\/\/www.capacity.swiss\/de\/#\/schema\/logo\/image\/"}}]}</script>
<!-- / Yoast SEO plugin. -->

Einführung Session AFT - Capacity

Capacity ist ein gemeinnütziger Verein, der sich für die berufliche Integration von Menschen mit Flucht-und Migrationshintergrund einsetzt.
